{"id":47,"date":"2020-04-17T20:26:50","date_gmt":"2020-04-17T18:26:50","guid":{"rendered":"https:\/\/new.psvaadorf.ch\/?page_id=47"},"modified":"2026-04-14T09:29:18","modified_gmt":"2026-04-14T07:29:18","slug":"startseite","status":"publish","type":"page","link":"https:\/\/www.psvaadorf.ch\/","title":{"rendered":"Willkommen beim Pistolensch\u00fctzenverein Aadorf"},"content":{"rendered":"\n<p>Herzlich Willkommen auf der Website des PSV Aadorf. Diese richtet sich nicht nur an die Mitglieder, sondern auch an interessierte Sch\u00fctzen aus anderen Vereinen. Es soll auch &#8222;Nicht-Sch\u00fctzen&#8220; einen Einblick in unsere Vereinsstrukturen geben und zu einem Besuch beim PSV Aadorf einladen.<br>Beim Pistolensch\u00fctzenverein Aadorf sind das sportliche Schiessen auf 25m und 50m sowie 10m m\u00f6glich. Die Kameradschaft und ein tolerantes Vereinsleben wird bei uns Gross geschrieben.. <\/p>\n\n\n\n<p>Wir freuen uns, interessierte Sch\u00fctzinnen und Sch\u00fctzen begr\u00fcssen zu d\u00fcrfen. <br>Hier geht es zur Seite der <a href=\"https:\/\/www.psvaadorf.ch\/index.php\/mitglied-werden\/\"><strong>Neumitglieder<\/strong><\/a>.&nbsp;<\/p>\n\n\n\n<p><a href=\"https:\/\/www.psvaadorf.ch\/wp-content\/uploads\/2026-JP.pdf\" data-type=\"attachment\" data-id=\"3231\" target=\"_blank\" rel=\"noreferrer noopener\">J<strong>ahresprogramm 2026<\/strong><\/a><br><strong><a href=\"https:\/\/www.psvaadorf.ch\/wp-content\/uploads\/2026-JM.pdf\" data-type=\"attachment\" data-id=\"2466\" target=\"_blank\" rel=\"noreferrer noopener\">Jahresmeisterschaft 2026<\/a><\/strong><br><strong><a href=\"https:\/\/www.psvaadorf.ch\/wp-content\/uploads\/Standaufsicht-2026.pdf\" target=\"_blank\" rel=\"noreferrer noopener\">Standaufsicht 2026<\/a><\/strong> <br><strong>Standaufsicht Wintertraining 2026\/2027<\/strong><\/p>\n\n\n\n<p><strong>Aktueller <a href=\"https:\/\/www.psvaadorf.ch\/wp-content\/uploads\/Absenden-PSV-Aadorf-2025-1.pdf\" data-type=\"attachment\" data-id=\"3154\" target=\"_blank\" rel=\"noreferrer noopener\">Pressebericht<\/a> Absenden<\/strong> <strong>2025<\/strong> von unserem Vereinsjahr.<\/p>\n\n\n\n<p><a href=\"https:\/\/www.youtube.com\/watch?v=nI1aUgMrPlI\"><strong>2026 Final Schweizer Meisterschaft U21 Video<\/strong><\/a><\/p>\n\n\n\n<p>Wir freuen uns das<a href=\"https:\/\/www.psvaadorf.ch\/index.php\/luetzelmurgschiessen\/\" data-type=\"page\" data-id=\"274\"><strong> L\u00fctzelmurgschiessen 2026 <\/strong><\/a><br>wieder durchf\u00fchren zu d\u00fcrfen.<\/p>\n\n\n\n<div class=\"wp-block-columns is-layout-flex wp-container-core-columns-is-layout-9d6595d7 wp-block-columns-is-layout-flex\">\n<div class=\"wp-block-column is-layout-flow wp-block-column-is-layout-flow\">\n<figure class=\"wp-block-image size-full\"><a href=\"https:\/\/www.psvaadorf.ch\/index.php\/luetzelmurgschiessen\/\"><img loading=\"lazy\" decoding=\"async\" width=\"790\" height=\"704\" src=\"https:\/\/www.psvaadorf.ch\/wp-content\/uploads\/Flyer-Lue-Web-neues-Logo.png\" alt=\"\" class=\"wp-image-3145\" srcset=\"https:\/\/www.psvaadorf.ch\/wp-content\/uploads\/Flyer-Lue-Web-neues-Logo.png 790w, https:\/\/www.psvaadorf.ch\/wp-content\/uploads\/Flyer-Lue-Web-neues-Logo-300x267.png 300w, https:\/\/www.psvaadorf.ch\/wp-content\/uploads\/Flyer-Lue-Web-neues-Logo-768x684.png 768w\" sizes=\"auto, (max-width: 767px) 89vw, (max-width: 1000px) 54vw, (max-width: 1071px) 543px, 580px\" \/><\/a><\/figure>\n<\/div>\n\n\n\n<div class=\"wp-block-column is-layout-flow wp-block-column-is-layout-flow\">\n<figure class=\"wp-block-image size-large\"><a href=\"https:\/\/www.psvaadorf.ch\/wp-content\/uploads\/2026-Feldschiessen.pdf\" target=\"_blank\" rel=\"noreferrer noopener\"><img loading=\"lazy\" decoding=\"async\" width=\"691\" height=\"1024\" src=\"https:\/\/www.psvaadorf.ch\/wp-content\/uploads\/2026-Feldschiessen-691x1024.png\" alt=\"\" class=\"wp-image-3208\" srcset=\"https:\/\/www.psvaadorf.ch\/wp-content\/uploads\/2026-Feldschiessen-691x1024.png 691w, https:\/\/www.psvaadorf.ch\/wp-content\/uploads\/2026-Feldschiessen-202x300.png 202w, https:\/\/www.psvaadorf.ch\/wp-content\/uploads\/2026-Feldschiessen.png 726w\" sizes=\"auto, (max-width: 691px) 100vw, 691px\" \/><\/a><\/figure>\n<\/div>\n<\/div>\n\n\n\n<div class=\"wp-block-columns is-layout-flex wp-container-core-columns-is-layout-9d6595d7 wp-block-columns-is-layout-flex\">\n<div class=\"wp-block-column is-layout-flow wp-block-column-is-layout-flow\">\n<figure class=\"wp-block-image size-large\"><img loading=\"lazy\" decoding=\"async\" width=\"768\" height=\"1024\" src=\"https:\/\/www.psvaadorf.ch\/wp-content\/uploads\/2026-Paul-1-768x1024.jpeg\" alt=\"\" class=\"wp-image-3202\" srcset=\"https:\/\/www.psvaadorf.ch\/wp-content\/uploads\/2026-Paul-1-768x1024.jpeg 768w, https:\/\/www.psvaadorf.ch\/wp-content\/uploads\/2026-Paul-1-225x300.jpeg 225w, https:\/\/www.psvaadorf.ch\/wp-content\/uploads\/2026-Paul-1-1152x1536.jpeg 1152w, https:\/\/www.psvaadorf.ch\/wp-content\/uploads\/2026-Paul-1-rotated.jpeg 1512w\" sizes=\"auto, (max-width: 767px) 89vw, (max-width: 1000px) 54vw, (max-width: 1071px) 543px, 580px\" \/><\/figure>\n<\/div>\n\n\n\n<div class=\"wp-block-column is-layout-flow wp-block-column-is-layout-flow\">\n<figure class=\"wp-block-image size-large\"><img loading=\"lazy\" decoding=\"async\" width=\"768\" height=\"1024\" src=\"https:\/\/www.psvaadorf.ch\/wp-content\/uploads\/2026-Paul-2-768x1024.jpeg\" alt=\"\" class=\"wp-image-3203\" srcset=\"https:\/\/www.psvaadorf.ch\/wp-content\/uploads\/2026-Paul-2-768x1024.jpeg 768w, https:\/\/www.psvaadorf.ch\/wp-content\/uploads\/2026-Paul-2-225x300.jpeg 225w, https:\/\/www.psvaadorf.ch\/wp-content\/uploads\/2026-Paul-2-1152x1536.jpeg 1152w, https:\/\/www.psvaadorf.ch\/wp-content\/uploads\/2026-Paul-2-rotated.jpeg 1512w\" sizes=\"auto, (max-width: 767px) 89vw, (max-width: 1000px) 54vw, (max-width: 1071px) 543px, 580px\" \/><\/figure>\n<\/div>\n\n\n\n<div class=\"wp-block-column is-layout-flow wp-block-column-is-layout-flow\">\n<figure class=\"wp-block-image size-large\"><img loading=\"lazy\" decoding=\"async\" width=\"768\" height=\"1024\" src=\"https:\/\/www.psvaadorf.ch\/wp-content\/uploads\/2026-Paul-3-768x1024.jpeg\" alt=\"\" class=\"wp-image-3201\" srcset=\"https:\/\/www.psvaadorf.ch\/wp-content\/uploads\/2026-Paul-3-768x1024.jpeg 768w, https:\/\/www.psvaadorf.ch\/wp-content\/uploads\/2026-Paul-3-225x300.jpeg 225w, https:\/\/www.psvaadorf.ch\/wp-content\/uploads\/2026-Paul-3-1152x1536.jpeg 1152w, https:\/\/www.psvaadorf.ch\/wp-content\/uploads\/2026-Paul-3-rotated.jpeg 1512w\" sizes=\"auto, (max-width: 767px) 89vw, (max-width: 1000px) 54vw, (max-width: 1071px) 543px, 580px\" \/><\/figure>\n<\/div>\n\n\n\n<div class=\"wp-block-column is-layout-flow wp-block-column-is-layout-flow\"><\/div>\n<\/div>\n\n\n\n<p>Wir Gratulieren unserm Junior zum 3.Rang am Thurgauer Apfelschuss.<br><strong>Paul, du hast das super gemacht!<\/strong><\/p>\n","protected":false},"excerpt":{"rendered":"<p>Herzlich Willkommen auf der Website des PSV Aadorf. Diese richtet sich nicht nur an die Mitglieder, sondern auch an interessierte Sch\u00fctzen aus anderen Vereinen. Es soll auch &#8222;Nicht-Sch\u00fctzen&#8220; einen Einblick &hellip; <\/p>\n<p class=\"link-more\"><a href=\"https:\/\/www.psvaadorf.ch\/\" class=\"more-link\"><span class=\"screen-reader-text\">\u201eWillkommen beim Pistolensch\u00fctzenverein Aadorf\u201c<\/span> weiterlesen<\/a><\/p>\n","protected":false},"author":1,"featured_media":0,"parent":0,"menu_order":0,"comment_status":"closed","ping_status":"closed","template":"","meta":{"footnotes":""},"class_list":["post-47","page","type-page","status-publish","hentry"],"_links":{"self":[{"href":"https:\/\/www.psvaadorf.ch\/index.php\/wp-json\/wp\/v2\/pages\/47","targetHints":{"allow":["GET"]}}],"collection":[{"href":"https:\/\/www.psvaadorf.ch\/index.php\/wp-json\/wp\/v2\/pages"}],"about":[{"href":"https:\/\/www.psvaadorf.ch\/index.php\/wp-json\/wp\/v2\/types\/page"}],"author":[{"embeddable":true,"href":"https:\/\/www.psvaadorf.ch\/index.php\/wp-json\/wp\/v2\/users\/1"}],"replies":[{"embeddable":true,"href":"https:\/\/www.psvaadorf.ch\/index.php\/wp-json\/wp\/v2\/comments?post=47"}],"version-history":[{"count":110,"href":"https:\/\/www.psvaadorf.ch\/index.php\/wp-json\/wp\/v2\/pages\/47\/revisions"}],"predecessor-version":[{"id":3445,"href":"https:\/\/www.psvaadorf.ch\/index.php\/wp-json\/wp\/v2\/pages\/47\/revisions\/3445"}],"wp:attachment":[{"href":"https:\/\/www.psvaadorf.ch\/index.php\/wp-json\/wp\/v2\/media?parent=47"}],"curies":[{"name":"wp","href":"https:\/\/api.w.org\/{rel}","templated":true}]}}