{"id":1911,"date":"2024-04-18T10:59:30","date_gmt":"2024-04-18T08:59:30","guid":{"rendered":"https:\/\/www.psvaadorf.ch\/?page_id=1911"},"modified":"2024-04-18T10:59:31","modified_gmt":"2024-04-18T08:59:31","slug":"datenschutzerklaerung","status":"publish","type":"page","link":"https:\/\/www.psvaadorf.ch\/index.php\/datenschutzerklaerung\/","title":{"rendered":"Datenschutzerkl\u00e4rung"},"content":{"rendered":"\n<ol class=\"wp-block-list\" type=\"1\" start=\"1\">\n<li><a><strong>Grundsatz<br><\/strong><\/a><br>Der Schutz Ihrer Privatsph\u00e4re ist uns ein wichtiges Anliegen. Mit der folgenden Datenschutzerkl\u00e4rung erl\u00e4utern wir Ihnen, welche Personendaten wir von Ihnen zu welchem Zweck bearbeiten, wenn Sie unsere Website besuchen oder Sie Mitglied in unserem Verein sind.<br><br><\/li>\n\n\n\n<li><strong>Verantwortlicher<br><\/strong><br>Verantwortlich f\u00fcr die Einhaltung der geltenden Datenschutzbestimmungen ist:<\/li>\n<\/ol>\n\n\n\n<p>Pistolensch\u00fctzenverein Aadorf<br>B\u00fcelstrasse 17<br>8356 Ettenhausen<\/p>\n\n\n\n<p><\/p>\n\n\n\n<ol class=\"wp-block-list\" type=\"1\" start=\"3\">\n<li><strong>Bearbeitung von Personendaten<br><\/strong><br>Wir bearbeiten diejenigen Personendaten, die Sie uns zur Verf\u00fcgung stellen zu Vereinszwecken. In diesem Rahmen bearbeiten wir insbesondere Angaben, die Sie uns selbst bei der Kontaktaufnahme (beispielsweise per Briefpost, E-Mail, Kontaktformular, Social Media oder Telefon), bei der Registrierung f\u00fcr ein Nutzerkonto oder bei der Einschreibung als Vereinsmitglied freiwillig \u00fcbermitteln.<br><br>Namentlich werden Ihre Personendaten zu folgenden Zwecken bearbeitet:<br><br>&#8211; Durchf\u00fchrung der Mitgliedschaft<br>&#8211; F\u00fchrung eines Adressbuchs<br>&#8211; Abwicklung der Rechnungsstellung und Bezahlung der Mitgliedschaftsbeitr\u00e4ge<br>&#8211; Anmeldung zu Turnieren<br>&#8211; Organisation von Trainings und Trainingslagern<br>&#8211; F\u00fchrung der Vereinshistorie<br>&#8211; Finanzierung der Vereinst\u00e4tigkeit<br><br><\/li>\n\n\n\n<li><strong>Personendaten von Dritten<br><\/strong><br>Sofern Sie Personendaten von Dritten an uns \u00fcbermitteln, sind Sie verpflichtet, den Datenschutz gegen\u00fcber den Dritten zu gew\u00e4hrleisten sowie die Richtigkeit der Personendaten sicherzustellen.<br><br><\/li>\n\n\n\n<li><strong>Bearbeitung von Personendaten durch Dritte<br><\/strong><br>Wir k\u00f6nnen Personendaten durch beauftragte Dritte bearbeiten lassen oder gemeinsam mit Dritten sowie mit Hilfe von Dritten bearbeiten oder an Dritte \u00fcbermitteln. Bei den Dritten handelt es sich um Anbieter, deren Leistungen wir in Anspruch nehmen. Wir gew\u00e4hrleisten auch bei solchen Dritten einen angemessenen Datenschutz.<br><br>Ihre Personendaten werden an folgende Personen \u00fcbermittelt, einschliesslich solche im Ausland:<br><br><\/li>\n<\/ol>\n\n\n\n<figure class=\"wp-block-table\"><table><tbody><tr><td>Empf\u00e4nger und Ort<\/td><td>Garantien<\/td><\/tr><tr><td><em>Schweizer Schiessportverband SSV<\/em><\/td><td>&#8211;<\/td><\/tr><tr><td><em>Thurgauer Kantonal Sch\u00fctzenverband TKSV<\/em><\/td><td>&#8211;<\/td><\/tr><tr><td><em>Metanet AG, 8005 Z\u00fcrich (Webhosting)<\/em><\/td><td>Standardvertragsklauseln<\/td><\/tr><tr><td><em>Sch\u00fctzenverband Region Frauenfeld SVRF<\/em><\/td><td>&nbsp;<\/td><\/tr><tr><td><em>Indoor Swiss Shooting AG, 9200 Gossau SG (Resultatportal)<\/em><\/td><td>&nbsp;<\/td><\/tr><tr><td><em>&nbsp;<\/em><\/td><td>&nbsp;<\/td><\/tr><\/tbody><\/table><\/figure>\n\n\n\n<ol class=\"wp-block-list\" type=\"1\" start=\"6\">\n<li><strong>Datensicherheit<br><\/strong><br>Wir treffen angemessene und geeignete technische und organisatorische Massnahmen, um den Datenschutz und insbesondere die Datensicherheit zu gew\u00e4hrleisten.<br><br><\/li>\n\n\n\n<li><strong>Nutzung der Website (Cookies und Server-Logdateien)<br><\/strong><br>Wir k\u00f6nnen Cookies f\u00fcr unsere Website verwenden. Bei Cookies \u2013 bei eigenen Cookies (First-Party-Cookies) als auch bei Cookies von Dritten, deren Dienste wir nutzen (Third-Party-Cookies) \u2013 handelt es sich um Daten, die in Ihrem Browser gespeichert werden. Solche gespeicherten Daten m\u00fcssen nicht auf traditionelle Cookies in Textform beschr\u00e4nkt sein.<br><br>Cookies k\u00f6nnen beim Besuch unserer Website in Ihrem Browser tempor\u00e4r, als \u00abSession Cookies\u00bb oder f\u00fcr einen bestimmten Zeitraum als sogenannte permanente Cookies gespeichert werden. \u00abSession Cookies\u00bb werden automatisch gel\u00f6scht, wenn Sie Ihren Browser schliessen. Permanente Cookies haben eine bestimmte Speicherdauer. Sie erm\u00f6glichen insbesondere, Ihren Browser beim n\u00e4chsten Besuch unserer Website wiederzuerkennen und dadurch beispielsweise die Reichweite unserer Website zu messen. Permanente Cookies k\u00f6nnen auch f\u00fcr Online-Marketing verwendet werden.<br><br>Sie k\u00f6nnen Cookies in Ihren Browser-Einstellungen jederzeit ganz oder teilweise deaktivieren sowie l\u00f6schen.<br><br>Wir k\u00f6nnen f\u00fcr jeden Zugriff auf unsere Website nachfolgende Angaben erfassen, sofern diese von Ihrem Browser an unsere Server-Infrastruktur \u00fcbermittelt werden oder von unserem Webserver ermittelt werden k\u00f6nnen: Datum und Zeit einschliesslich Zeitzone, IP-Adresse, Zugriffsstatur. Betriebssystem einschliesslich Benutzeroberfl\u00e4che und Version, Browser einschliesslich Sprache und Version, aufgerufene einzelne Unter-Seite unserer Website einschliesslich \u00fcbertragener Datenmenge, schliesslich im gleichen Browser-Fenster aufgerufene Website.<br><br>Wir speichern solche Angaben, die auch Personendaten darstellen k\u00f6nnen, in Server-Logdateien. Die Angaben sind erforderlich, um unser Online-Angebot dauerhaft, nutzerfreundlich und zuverl\u00e4ssig bereitstellen sowie um die Datensicherheit und damit insbesondere den Schutz von Personendaten sicherstellen zu k\u00f6nnen \u2013 auch durch Dritte oder mit Hilfe von Dritten.<br><br><\/li>\n\n\n\n<li><strong>Benachrichtigungen und Mitteilungen<br><\/strong><br>Wir versenden Benachrichtigungen und Mitteilungen wie beispielsweise Newsletter per E-Mail und \u00fcber andere Kommunikationskan\u00e4le wie beispielsweise Instant Messaging.<br><br>Benachrichtigungen und Mitteilungen k\u00f6nnen Weblinks oder Z\u00e4hlpixel enthalten, die erfassen, ob eine Mitteilung ge\u00f6ffnet wurde und welche Weblinks dabei angeklickt wurden. Solche Weblinks und Z\u00e4hlpixel k\u00f6nnen die Nutzung von Benachrichtigungen und Mitteilungen auch personenbezogen erfassen. Wir ben\u00f6tigen diese statistische Erfassung der Nutzung f\u00fcr die Erfolgs- und Reichweitenmessung, um Benachrichtigungen und Mitteilungen aufgrund der Bed\u00fcrfnisse und Lesegewohnheiten der Empf\u00e4ngerinnen und Empf\u00e4nger effektiv und nutzerfreundlich sowie dauerhaft, sicher und zuverl\u00e4ssig anbieten zu k\u00f6nnen.<br><br><\/li>\n\n\n\n<li><strong>Schlussbestimmungen<br><\/strong><br>Wir k\u00f6nnen diese Datenschutzerkl\u00e4rung jederzeit anpassen und erg\u00e4nzen. Wir werden \u00fcber solche Anpassungen und Erg\u00e4nzungen in geeigneter Form informieren, insbesondere durch Ver\u00f6ffentlichung der jeweils aktuellen Datenschutzerkl\u00e4rung auf unserer Website.<br><br><\/li>\n<\/ol>\n","protected":false},"excerpt":{"rendered":"<p>Pistolensch\u00fctzenverein AadorfB\u00fcelstrasse 178356 Ettenhausen Empf\u00e4nger und Ort Garantien Schweizer Schiessportverband SSV &#8211; Thurgauer Kantonal Sch\u00fctzenverband TKSV &#8211; Metanet AG, 8005 Z\u00fcrich (Webhosting) Standardvertragsklauseln Sch\u00fctzenverband Region Frauenfeld SVRF &nbsp; Indoor Swiss &hellip; <\/p>\n<p class=\"link-more\"><a href=\"https:\/\/www.psvaadorf.ch\/index.php\/datenschutzerklaerung\/\" class=\"more-link\"><span class=\"screen-reader-text\">\u201eDatenschutzerkl\u00e4rung\u201c<\/span> weiterlesen<\/a><\/p>\n","protected":false},"author":1,"featured_media":0,"parent":0,"menu_order":0,"comment_status":"closed","ping_status":"closed","template":"","meta":{"footnotes":""},"class_list":["post-1911","page","type-page","status-publish","hentry"],"_links":{"self":[{"href":"https:\/\/www.psvaadorf.ch\/index.php\/wp-json\/wp\/v2\/pages\/1911","targetHints":{"allow":["GET"]}}],"collection":[{"href":"https:\/\/www.psvaadorf.ch\/index.php\/wp-json\/wp\/v2\/pages"}],"about":[{"href":"https:\/\/www.psvaadorf.ch\/index.php\/wp-json\/wp\/v2\/types\/page"}],"author":[{"embeddable":true,"href":"https:\/\/www.psvaadorf.ch\/index.php\/wp-json\/wp\/v2\/users\/1"}],"replies":[{"embeddable":true,"href":"https:\/\/www.psvaadorf.ch\/index.php\/wp-json\/wp\/v2\/comments?post=1911"}],"version-history":[{"count":1,"href":"https:\/\/www.psvaadorf.ch\/index.php\/wp-json\/wp\/v2\/pages\/1911\/revisions"}],"predecessor-version":[{"id":1912,"href":"https:\/\/www.psvaadorf.ch\/index.php\/wp-json\/wp\/v2\/pages\/1911\/revisions\/1912"}],"wp:attachment":[{"href":"https:\/\/www.psvaadorf.ch\/index.php\/wp-json\/wp\/v2\/media?parent=1911"}],"curies":[{"name":"wp","href":"https:\/\/api.w.org\/{rel}","templated":true}]}}